{"id":549,"date":"2025-01-29T11:44:53","date_gmt":"2025-01-29T11:44:53","guid":{"rendered":"https:\/\/idosde.com\/veinte\/?post_type=product&#038;p=549"},"modified":"2025-10-09T13:13:56","modified_gmt":"2025-10-09T13:13:56","slug":"carga-fantasma-3f","status":"publish","type":"product","link":"https:\/\/idosde.com\/veinte\/producto\/carga-fantasma-3f\/","title":{"rendered":"CARGA FANTASMA &#8211; 3F"},"content":{"rendered":"","protected":false},"excerpt":{"rendered":"<p style=\"text-align: justify;\">El AVM es un equipo electr\u00f3nico que sirve como analizador el\u00e9ctrico y veri\ufb01cador de la medici\u00f3n de medidores de energ\u00eda el\u00e9ctrica,mostrando en forma simultanea la tensi\u00f3n, la corriente, la potencia real, el factor de potencia, la energ\u00eda activa, los errores en la medici\u00f3n comparada, y el tiempo que duran las mediciones. Este equipo se utiliza como comparador con medidores monof\u00e1sicos o fase a fase con otro tipo de medidores.<\/p>\n<p style=\"text-align: justify;\">Adicionalmente, con el AVM se puede llevar un registro en memoria de las pruebas que se le realicen a cada medidor, llevando un historial que puede ser descargado en un computador a trav\u00e9s del puerto serial, y as\u00ed, llevar una estad\u00edstica y control detrabajo.<\/p>\n","protected":false},"featured_media":854,"template":"","meta":[],"product_brand":[],"product_cat":[19],"product_tag":[],"class_list":{"0":"post-549","1":"product","2":"type-product","3":"status-publish","4":"has-post-thumbnail","6":"product_cat-carga-fantasma","8":"first","9":"instock","10":"shipping-taxable","11":"purchasable","12":"product-type-simple"},"_links":{"self":[{"href":"https:\/\/idosde.com\/veinte\/wp-json\/wp\/v2\/product\/549","targetHints":{"allow":["GET"]}}],"collection":[{"href":"https:\/\/idosde.com\/veinte\/wp-json\/wp\/v2\/product"}],"about":[{"href":"https:\/\/idosde.com\/veinte\/wp-json\/wp\/v2\/types\/product"}],"version-history":[{"count":3,"href":"https:\/\/idosde.com\/veinte\/wp-json\/wp\/v2\/product\/549\/revisions"}],"predecessor-version":[{"id":853,"href":"https:\/\/idosde.com\/veinte\/wp-json\/wp\/v2\/product\/549\/revisions\/853"}],"wp:featuredmedia":[{"embeddable":true,"href":"https:\/\/idosde.com\/veinte\/wp-json\/wp\/v2\/media\/854"}],"wp:attachment":[{"href":"https:\/\/idosde.com\/veinte\/wp-json\/wp\/v2\/media?parent=549"}],"wp:term":[{"taxonomy":"product_brand","embeddable":true,"href":"https:\/\/idosde.com\/veinte\/wp-json\/wp\/v2\/product_brand?post=549"},{"taxonomy":"product_cat","embeddable":true,"href":"https:\/\/idosde.com\/veinte\/wp-json\/wp\/v2\/product_cat?post=549"},{"taxonomy":"product_tag","embeddable":true,"href":"https:\/\/idosde.com\/veinte\/wp-json\/wp\/v2\/product_tag?post=549"}],"curies":[{"name":"wp","href":"https:\/\/api.w.org\/{rel}","templated":true}]}}