{"id":24,"date":"2025-01-07T12:03:27","date_gmt":"2025-01-07T12:03:27","guid":{"rendered":"https:\/\/idosde.com\/veinte\/?page_id=24"},"modified":"2025-04-28T01:05:24","modified_gmt":"2025-04-28T01:05:24","slug":"soporte","status":"publish","type":"page","link":"https:\/\/idosde.com\/veinte\/soporte\/","title":{"rendered":"Soporte"},"content":{"rendered":"\t\t<div data-elementor-type=\"wp-page\" data-elementor-id=\"24\" class=\"elementor elementor-24\" data-elementor-post-type=\"page\">\n\t\t\t\t<div class=\"wd-negative-gap elementor-element elementor-element-9f36951 e-flex e-con-boxed e-con e-parent\" data-id=\"9f36951\" data-element_type=\"container\">\n\t\t\t\t\t<div class=\"e-con-inner\">\n\t\t<div class=\"elementor-element elementor-element-dc76479 e-con-full e-flex e-con e-child\" data-id=\"dc76479\" data-element_type=\"container\">\n\t\t\t\t<div class=\"elementor-element elementor-element-d030430 elementor-widget elementor-widget-wd_image_or_svg\" data-id=\"d030430\" data-element_type=\"widget\" data-widget_type=\"wd_image_or_svg.default\">\n\t\t\t\t<div class=\"elementor-widget-container\">\n\t\t\t\t\t\n\t\t<div class=\"wd-image text-center\">\n\t\t\t\t\t\t\t\t<img fetchpriority=\"high\" decoding=\"async\" width=\"459\" height=\"357\" src=\"https:\/\/idosde.com\/veinte\/wp-content\/uploads\/2025\/01\/Screenshot-From-2025-01-07-16-13-27.png\" class=\"attachment-full size-full\" alt=\"\" srcset=\"https:\/\/idosde.com\/veinte\/wp-content\/uploads\/2025\/01\/Screenshot-From-2025-01-07-16-13-27.png 459w, https:\/\/idosde.com\/veinte\/wp-content\/uploads\/2025\/01\/Screenshot-From-2025-01-07-16-13-27-300x233.png 300w, https:\/\/idosde.com\/veinte\/wp-content\/uploads\/2025\/01\/Screenshot-From-2025-01-07-16-13-27-150x117.png 150w\" sizes=\"(max-width: 459px) 100vw, 459px\" \/>\t\t\t\t\t<\/div>\n\n\t\t\t\t\t\t<\/div>\n\t\t\t\t<\/div>\n\t\t\t\t<div class=\"elementor-element elementor-element-ad02b4d elementor-widget elementor-widget-wd_text_block\" data-id=\"ad02b4d\" data-element_type=\"widget\" data-widget_type=\"wd_text_block.default\">\n\t\t\t\t<div class=\"elementor-widget-container\">\n\t\t\t\t\t\t\t<div class=\"wd-text-block reset-last-child text-left\">\n\t\t\t\n\t\t\t<p>Servicio T\u00e9cnico<\/p>\n\t\t\t\t\t<\/div>\n\t\t\t\t\t\t<\/div>\n\t\t\t\t<\/div>\n\t\t\t\t<div class=\"elementor-element elementor-element-b80e8de elementor-widget elementor-widget-wd_text_block\" data-id=\"b80e8de\" data-element_type=\"widget\" data-widget_type=\"wd_text_block.default\">\n\t\t\t\t<div class=\"elementor-widget-container\">\n\t\t\t\t\t\t\t<div class=\"wd-text-block reset-last-child text-left\">\n\t\t\t\n\t\t\t<p>Contamos con un equipo altamente cali\ufb01cado y la infraestructura necesaria para brindar servicio de Reparaci\u00f3n, Mantenimiento preventivo y correctivo a los equipos comercializados por la\u00a0 empresa.<\/p><p><strong>Puede ponerse en contacto con nuestro personal a trav\u00e9s de nuestra l\u00ednea de atenci\u00f3n<\/strong><\/p><p><strong>Tel\u00e9fono: +57 (605) 318 7816<\/strong><\/p><p><strong>Celular: +57 321 3985329<\/strong><\/p><p><strong>Le recomendamos que antes de enviar un equipo a Reparaci\u00f3n se comunique con nuestro Soporte.<\/strong><\/p>\n\t\t\t\t\t<\/div>\n\t\t\t\t\t\t<\/div>\n\t\t\t\t<\/div>\n\t\t\t\t<div class=\"elementor-element elementor-element-c8dd6ec elementor-button-align-stretch elementor-widget elementor-widget-form\" data-id=\"c8dd6ec\" data-element_type=\"widget\" data-settings=\"{&quot;step_next_label&quot;:&quot;Next&quot;,&quot;step_previous_label&quot;:&quot;Previous&quot;,&quot;button_width&quot;:&quot;100&quot;,&quot;step_type&quot;:&quot;number_text&quot;,&quot;step_icon_shape&quot;:&quot;circle&quot;}\" data-widget_type=\"form.default\">\n\t\t\t\t<div class=\"elementor-widget-container\">\n\t\t\t\t\t\t\t<form class=\"elementor-form\" method=\"post\" name=\"New Form\">\n\t\t\t<input type=\"hidden\" name=\"post_id\" value=\"24\"\/>\n\t\t\t<input type=\"hidden\" name=\"form_id\" value=\"c8dd6ec\"\/>\n\t\t\t<input type=\"hidden\" name=\"referer_title\" value=\"SoporteIdosde\" \/>\n\n\t\t\t\t\t\t\t<input type=\"hidden\" name=\"queried_id\" value=\"24\"\/>\n\t\t\t\n\t\t\t<div class=\"elementor-form-fields-wrapper elementor-labels-above\">\n\t\t\t\t\t\t\t\t<div class=\"elementor-field-type-text elementor-field-group elementor-column elementor-field-group-name elementor-col-100 elementor-field-required\">\n\t\t\t\t\t\t\t\t\t\t\t\t<label for=\"form-field-name\" class=\"elementor-field-label\">\n\t\t\t\t\t\t\t\tNombre\t\t\t\t\t\t\t<\/label>\n\t\t\t\t\t\t\t\t\t\t\t\t\t\t<input size=\"1\" type=\"text\" name=\"form_fields[name]\" id=\"form-field-name\" class=\"elementor-field elementor-size-sm  elementor-field-textual\" required=\"required\">\n\t\t\t\t\t\t\t\t\t\t\t<\/div>\n\t\t\t\t\t\t\t\t<div class=\"elementor-field-type-email elementor-field-group elementor-column elementor-field-group-email elementor-col-100 elementor-field-required\">\n\t\t\t\t\t\t\t\t\t\t\t\t<label for=\"form-field-email\" class=\"elementor-field-label\">\n\t\t\t\t\t\t\t\tEmail\t\t\t\t\t\t\t<\/label>\n\t\t\t\t\t\t\t\t\t\t\t\t\t\t<input size=\"1\" type=\"email\" name=\"form_fields[email]\" id=\"form-field-email\" class=\"elementor-field elementor-size-sm  elementor-field-textual\" required=\"required\">\n\t\t\t\t\t\t\t\t\t\t\t<\/div>\n\t\t\t\t\t\t\t\t<div class=\"elementor-field-type-text\">\n\t\t\t\t\t<input size=\"1\" type=\"text\" name=\"form_fields[field_3a77a90]\" id=\"form-field-field_3a77a90\" class=\"elementor-field elementor-size-sm \" style=\"display:none !important;\">\t\t\t\t<\/div>\n\t\t\t\t\t\t\t\t<div class=\"elementor-field-type-textarea elementor-field-group elementor-column elementor-field-group-message elementor-col-100 elementor-field-required\">\n\t\t\t\t\t\t\t\t\t\t\t\t<label for=\"form-field-message\" class=\"elementor-field-label\">\n\t\t\t\t\t\t\t\tMensaje\t\t\t\t\t\t\t<\/label>\n\t\t\t\t\t\t<textarea class=\"elementor-field-textual elementor-field  elementor-size-sm\" name=\"form_fields[message]\" id=\"form-field-message\" rows=\"4\" required=\"required\"><\/textarea>\t\t\t\t<\/div>\n\t\t\t\t\t\t\t\t<div class=\"elementor-field-type-recaptcha elementor-field-group elementor-column elementor-field-group-field_26bd256 elementor-col-100\">\n\t\t\t\t\t<div class=\"elementor-field\" id=\"form-field-field_26bd256\"><div class=\"elementor-g-recaptcha\" data-sitekey=\"6LeUDiIrAAAAAFyD0CtfGC6LmjrgMg0-syQIAUY_\" data-type=\"v2_checkbox\" data-theme=\"light\" data-size=\"normal\"><\/div><\/div>\t\t\t\t<\/div>\n\t\t\t\t\t\t\t\t<div class=\"elementor-field-group elementor-column elementor-field-type-submit elementor-col-100 e-form__buttons\">\n\t\t\t\t\t<button class=\"elementor-button elementor-size-sm\" type=\"submit\">\n\t\t\t\t\t\t<span class=\"elementor-button-content-wrapper\">\n\t\t\t\t\t\t\t\t\t\t\t\t\t\t\t\t\t\t\t\t\t\t<span class=\"elementor-button-text\">Enviar<\/span>\n\t\t\t\t\t\t\t\t\t\t\t\t\t<\/span>\n\t\t\t\t\t<\/button>\n\t\t\t\t<\/div>\n\t\t\t<\/div>\n\t\t<\/form>\n\t\t\t\t\t\t<\/div>\n\t\t\t\t<\/div>\n\t\t\t\t<\/div>\n\t\t<div class=\"elementor-element elementor-element-db43dd3 e-con-full e-flex e-con e-child\" data-id=\"db43dd3\" data-element_type=\"container\">\n\t\t\t\t<div class=\"elementor-element elementor-element-ef82971 elementor-widget elementor-widget-wd_image_or_svg\" data-id=\"ef82971\" data-element_type=\"widget\" data-widget_type=\"wd_image_or_svg.default\">\n\t\t\t\t<div class=\"elementor-widget-container\">\n\t\t\t\t\t\n\t\t<div class=\"wd-image text-center\">\n\t\t\t\t\t\t\t\t<img decoding=\"async\" width=\"615\" height=\"395\" src=\"https:\/\/idosde.com\/veinte\/wp-content\/uploads\/2025\/01\/Screenshot-From-2025-01-07-16-13-44.png\" class=\"attachment-full size-full\" alt=\"\" srcset=\"https:\/\/idosde.com\/veinte\/wp-content\/uploads\/2025\/01\/Screenshot-From-2025-01-07-16-13-44.png 615w, https:\/\/idosde.com\/veinte\/wp-content\/uploads\/2025\/01\/Screenshot-From-2025-01-07-16-13-44-300x193.png 300w, https:\/\/idosde.com\/veinte\/wp-content\/uploads\/2025\/01\/Screenshot-From-2025-01-07-16-13-44-600x385.png 600w, https:\/\/idosde.com\/veinte\/wp-content\/uploads\/2025\/01\/Screenshot-From-2025-01-07-16-13-44-150x96.png 150w\" sizes=\"(max-width: 615px) 100vw, 615px\" \/>\t\t\t\t\t<\/div>\n\n\t\t\t\t\t\t<\/div>\n\t\t\t\t<\/div>\n\t\t\t\t<div class=\"elementor-element elementor-element-44242d0 elementor-widget elementor-widget-wd_text_block\" data-id=\"44242d0\" data-element_type=\"widget\" data-widget_type=\"wd_text_block.default\">\n\t\t\t\t<div class=\"elementor-widget-container\">\n\t\t\t\t\t\t\t<div class=\"wd-text-block reset-last-child text-left\">\n\t\t\t\n\t\t\t<p>Portal de ayuda AVM-G<\/p>\n\t\t\t\t\t<\/div>\n\t\t\t\t\t\t<\/div>\n\t\t\t\t<\/div>\n\t\t\t\t<div class=\"elementor-element elementor-element-2cc5fb4 elementor-widget elementor-widget-wd_text_block\" data-id=\"2cc5fb4\" data-element_type=\"widget\" data-widget_type=\"wd_text_block.default\">\n\t\t\t\t<div class=\"elementor-widget-container\">\n\t\t\t\t\t\t\t<div class=\"wd-text-block reset-last-child text-left\">\n\t\t\t\n\t\t\t<p>Este portal ofrece una completa colecci\u00f3n de manuales y recursos dise\u00f1ados para proporcionar orientaci\u00f3n y resolver dudas relacionadas con los productos y servicios.<br \/>El objetivo es garantizar que se aprovechen al m\u00e1ximo las soluciones disponibles.<\/p><p>En el portal se puede explorar contenido organizado por categor\u00edas, acceder a gu\u00edas paso a paso y consultar respuestas a las preguntas m\u00e1s frecuentes.<\/p>\n\t\t\t\t\t<\/div>\n\t\t\t\t\t\t<\/div>\n\t\t\t\t<\/div>\n\t\t\t\t<div class=\"elementor-element elementor-element-ce99e97 elementor-widget elementor-widget-wd_image_or_svg\" data-id=\"ce99e97\" data-element_type=\"widget\" data-widget_type=\"wd_image_or_svg.default\">\n\t\t\t\t<div class=\"elementor-widget-container\">\n\t\t\t\t\t\n\t\t<div class=\"wd-image text-center\">\n\t\t\t\t\t\t\t<a  href=\"https:\/\/avmis.idosde.com\/\" aria-label=\"Image link\">\n\t\t\t\t\t\t\t\t<img decoding=\"async\" width=\"373\" height=\"114\" src=\"https:\/\/idosde.com\/veinte\/wp-content\/uploads\/2025\/01\/Screenshot-From-2025-01-07-16-24-03.png\" class=\"attachment-full size-full\" alt=\"\" srcset=\"https:\/\/idosde.com\/veinte\/wp-content\/uploads\/2025\/01\/Screenshot-From-2025-01-07-16-24-03.png 373w, https:\/\/idosde.com\/veinte\/wp-content\/uploads\/2025\/01\/Screenshot-From-2025-01-07-16-24-03-300x92.png 300w, https:\/\/idosde.com\/veinte\/wp-content\/uploads\/2025\/01\/Screenshot-From-2025-01-07-16-24-03-150x46.png 150w\" sizes=\"(max-width: 373px) 100vw, 373px\" \/>\t\t\t\t\t\t\t<\/a>\n\t\t\t\t\t<\/div>\n\n\t\t\t\t\t\t<\/div>\n\t\t\t\t<\/div>\n\t\t\t\t<\/div>\n\t\t\t\t\t<\/div>\n\t\t\t\t<\/div>\n\t\t\t\t<\/div>\n\t\t","protected":false},"excerpt":{"rendered":"<p>Servicio T\u00e9cnico Contamos con un equipo altamente cali\ufb01cado y la infraestructura necesaria para brindar servicio de Reparaci\u00f3n, Mantenimiento preventivo y<\/p>\n","protected":false},"author":2,"featured_media":0,"parent":0,"menu_order":0,"comment_status":"closed","ping_status":"closed","template":"","meta":{"footnotes":""},"class_list":["post-24","page","type-page","status-publish","hentry"],"_links":{"self":[{"href":"https:\/\/idosde.com\/veinte\/wp-json\/wp\/v2\/pages\/24","targetHints":{"allow":["GET"]}}],"collection":[{"href":"https:\/\/idosde.com\/veinte\/wp-json\/wp\/v2\/pages"}],"about":[{"href":"https:\/\/idosde.com\/veinte\/wp-json\/wp\/v2\/types\/page"}],"author":[{"embeddable":true,"href":"https:\/\/idosde.com\/veinte\/wp-json\/wp\/v2\/users\/2"}],"replies":[{"embeddable":true,"href":"https:\/\/idosde.com\/veinte\/wp-json\/wp\/v2\/comments?post=24"}],"version-history":[{"count":37,"href":"https:\/\/idosde.com\/veinte\/wp-json\/wp\/v2\/pages\/24\/revisions"}],"predecessor-version":[{"id":1289,"href":"https:\/\/idosde.com\/veinte\/wp-json\/wp\/v2\/pages\/24\/revisions\/1289"}],"wp:attachment":[{"href":"https:\/\/idosde.com\/veinte\/wp-json\/wp\/v2\/media?parent=24"}],"curies":[{"name":"wp","href":"https:\/\/api.w.org\/{rel}","templated":true}]}}