{"id":169,"date":"2026-03-17T22:49:25","date_gmt":"2026-03-17T22:49:25","guid":{"rendered":"https:\/\/idosde.com\/inicio\/?post_type=product&#038;p=169"},"modified":"2026-03-19T02:58:18","modified_gmt":"2026-03-19T02:58:18","slug":"maletin-equipos-medicion-avm","status":"publish","type":"product","link":"https:\/\/idosde.com\/inicio\/producto\/maletin-equipos-medicion-avm\/","title":{"rendered":"MALET\u00cdN"},"content":{"rendered":"<div class=\"woocommerce-product-details__short-description\">\n<p>Nuestros maletines para almacenamiento y transporte de los equipos estan dise\u00f1ados no solo con ese fin, tambien facilitan la manipulacion de los equipos y accesorios permitiendo operar los equipos sin sacarlos del maletin y manteniendo los accesorios conectados lo cual agiliza la operacion en terreno.<\/p>\n<\/div>\n<form class=\"cart\" action=\"https:\/\/idosde.com\/veinte\/producto\/maletin\/\" enctype=\"multipart\/form-data\" method=\"post\">\n<div class=\"quantity\"><\/div>\n<\/form>\n","protected":false},"excerpt":{"rendered":"<div class=\"woocommerce-product-details__short-description\">\n<p><span dir=\"auto\" style=\"vertical-align: inherit;\"><span dir=\"auto\" style=\"vertical-align: inherit;\">Nuestros maletines para almacenamiento y transporte de los equipos estan dise\u00f1ados no solo con ese fin, tambien facilitan la manipulacion de los equipos y accesorios permitiendo operar los equipos sin sacarlos del maletin y manteniendo los accesorios conectados lo cual agiliza la operacion en terreno.<\/span><\/span><\/p>\n<\/div>\n<form class=\"cart\" action=\"https:\/\/idosde.com\/veinte\/producto\/maletin\/\" enctype=\"multipart\/form-data\" method=\"post\">\n<div class=\"quantity\"><\/div>\n<\/form>\n","protected":false},"featured_media":170,"comment_status":"open","ping_status":"closed","template":"","meta":[],"product_brand":[],"product_cat":[21,30],"product_tag":[],"class_list":{"0":"post-169","1":"product","2":"type-product","3":"status-publish","4":"has-post-thumbnail","6":"product_cat-avm","7":"product_cat-maletin","9":"first","10":"instock","11":"shipping-taxable","12":"purchasable","13":"product-type-simple"},"yoast_head":"<!-- This site is optimized with the Yoast SEO plugin v27.5 - https:\/\/yoast.com\/product\/yoast-seo-wordpress\/ -->\n<title>Malet\u00edn para Equipos de Medici\u00f3n AVM | IDOSDE<\/title>\n<meta name=\"robots\" content=\"index, follow, max-snippet:-1, max-image-preview:large, max-video-preview:-1\" \/>\n<link rel=\"canonical\" href=\"https:\/\/idosde.com\/inicio\/producto\/maletin-equipos-medicion-avm\/\" \/>\n<meta property=\"og:locale\" content=\"es_ES\" \/>\n<meta property=\"og:type\" content=\"article\" \/>\n<meta property=\"og:title\" content=\"Malet\u00edn para Equipos de Medici\u00f3n AVM | IDOSDE\" \/>\n<meta property=\"og:description\" content=\"Nuestros maletines para almacenamiento y transporte de los equipos estan dise\u00f1ados no solo con ese fin, tambien facilitan la manipulacion de los equipos y accesorios permitiendo operar los equipos sin sacarlos del maletin y manteniendo los accesorios conectados lo cual agiliza la operacion en terreno.\" \/>\n<meta property=\"og:url\" content=\"https:\/\/idosde.com\/inicio\/producto\/maletin-equipos-medicion-avm\/\" \/>\n<meta property=\"og:site_name\" content=\"Idosde S.A.S.\" \/>\n<meta property=\"article:modified_time\" content=\"2026-03-19T02:58:18+00:00\" \/>\n<meta property=\"og:image\" content=\"https:\/\/idosde.com\/inicio\/wp-content\/uploads\/2026\/03\/maletin-para-equipos-de-medicion.png\" \/>\n\t<meta property=\"og:image:width\" content=\"750\" \/>\n\t<meta property=\"og:image:height\" content=\"750\" \/>\n\t<meta property=\"og:image:type\" content=\"image\/png\" \/>\n<meta name=\"twitter:card\" content=\"summary_large_image\" \/>\n<meta name=\"twitter:label1\" content=\"Tiempo de lectura\" \/>\n\t<meta name=\"twitter:data1\" content=\"1 minuto\" \/>\n<script type=\"application\/ld+json\" class=\"yoast-schema-graph\">{\"@context\":\"https:\\\/\\\/schema.org\",\"@graph\":[{\"@type\":\"WebPage\",\"@id\":\"https:\\\/\\\/idosde.com\\\/inicio\\\/producto\\\/maletin-equipos-medicion-avm\\\/\",\"url\":\"https:\\\/\\\/idosde.com\\\/inicio\\\/producto\\\/maletin-equipos-medicion-avm\\\/\",\"name\":\"Malet\u00edn para Equipos de Medici\u00f3n AVM | IDOSDE\",\"isPartOf\":{\"@id\":\"https:\\\/\\\/idosde.com\\\/inicio\\\/#website\"},\"primaryImageOfPage\":{\"@id\":\"https:\\\/\\\/idosde.com\\\/inicio\\\/producto\\\/maletin-equipos-medicion-avm\\\/#primaryimage\"},\"image\":{\"@id\":\"https:\\\/\\\/idosde.com\\\/inicio\\\/producto\\\/maletin-equipos-medicion-avm\\\/#primaryimage\"},\"thumbnailUrl\":\"https:\\\/\\\/idosde.com\\\/inicio\\\/wp-content\\\/uploads\\\/2026\\\/03\\\/maletin-idosde.com_.png\",\"datePublished\":\"2026-03-17T22:49:25+00:00\",\"dateModified\":\"2026-03-19T02:58:18+00:00\",\"breadcrumb\":{\"@id\":\"https:\\\/\\\/idosde.com\\\/inicio\\\/producto\\\/maletin-equipos-medicion-avm\\\/#breadcrumb\"},\"inLanguage\":\"es\",\"potentialAction\":[{\"@type\":\"ReadAction\",\"target\":[\"https:\\\/\\\/idosde.com\\\/inicio\\\/producto\\\/maletin-equipos-medicion-avm\\\/\"]}]},{\"@type\":\"ImageObject\",\"inLanguage\":\"es\",\"@id\":\"https:\\\/\\\/idosde.com\\\/inicio\\\/producto\\\/maletin-equipos-medicion-avm\\\/#primaryimage\",\"url\":\"https:\\\/\\\/idosde.com\\\/inicio\\\/wp-content\\\/uploads\\\/2026\\\/03\\\/maletin-idosde.com_.png\",\"contentUrl\":\"https:\\\/\\\/idosde.com\\\/inicio\\\/wp-content\\\/uploads\\\/2026\\\/03\\\/maletin-idosde.com_.png\",\"width\":329,\"height\":192,\"caption\":\"malet\u00edn para equipos de medici\u00f3n\"},{\"@type\":\"BreadcrumbList\",\"@id\":\"https:\\\/\\\/idosde.com\\\/inicio\\\/producto\\\/maletin-equipos-medicion-avm\\\/#breadcrumb\",\"itemListElement\":[{\"@type\":\"ListItem\",\"position\":1,\"name\":\"Portada\",\"item\":\"https:\\\/\\\/idosde.com\\\/inicio\\\/\"},{\"@type\":\"ListItem\",\"position\":2,\"name\":\"Tienda\",\"item\":\"https:\\\/\\\/idosde.com\\\/inicio\\\/tienda\\\/\"},{\"@type\":\"ListItem\",\"position\":3,\"name\":\"MALET\u00cdN\"}]},{\"@type\":\"WebSite\",\"@id\":\"https:\\\/\\\/idosde.com\\\/inicio\\\/#website\",\"url\":\"https:\\\/\\\/idosde.com\\\/inicio\\\/\",\"name\":\"Idosde S.A.S.\",\"description\":\"Equipos patr\u00f3n para verificaci\u00f3n de medidores, Analizador verificador de medidores\",\"publisher\":{\"@id\":\"https:\\\/\\\/idosde.com\\\/inicio\\\/#organization\"},\"alternateName\":\"Idosde\",\"potentialAction\":[{\"@type\":\"SearchAction\",\"target\":{\"@type\":\"EntryPoint\",\"urlTemplate\":\"https:\\\/\\\/idosde.com\\\/inicio\\\/?s={search_term_string}\"},\"query-input\":{\"@type\":\"PropertyValueSpecification\",\"valueRequired\":true,\"valueName\":\"search_term_string\"}}],\"inLanguage\":\"es\"},{\"@type\":\"Organization\",\"@id\":\"https:\\\/\\\/idosde.com\\\/inicio\\\/#organization\",\"name\":\"Idosde S.A.S.\",\"alternateName\":\"Idosde\",\"url\":\"https:\\\/\\\/idosde.com\\\/inicio\\\/\",\"logo\":{\"@type\":\"ImageObject\",\"inLanguage\":\"es\",\"@id\":\"https:\\\/\\\/idosde.com\\\/inicio\\\/#\\\/schema\\\/logo\\\/image\\\/\",\"url\":\"https:\\\/\\\/idosde.com\\\/inicio\\\/wp-content\\\/uploads\\\/2026\\\/03\\\/idosde.com-logo.png\",\"contentUrl\":\"https:\\\/\\\/idosde.com\\\/inicio\\\/wp-content\\\/uploads\\\/2026\\\/03\\\/idosde.com-logo.png\",\"width\":1225,\"height\":671,\"caption\":\"Idosde S.A.S.\"},\"image\":{\"@id\":\"https:\\\/\\\/idosde.com\\\/inicio\\\/#\\\/schema\\\/logo\\\/image\\\/\"}}]}<\/script>\n<!-- \/ Yoast SEO plugin. -->","yoast_head_json":{"title":"Malet\u00edn para Equipos de Medici\u00f3n AVM | IDOSDE","robots":{"index":"index","follow":"follow","max-snippet":"max-snippet:-1","max-image-preview":"max-image-preview:large","max-video-preview":"max-video-preview:-1"},"canonical":"https:\/\/idosde.com\/inicio\/producto\/maletin-equipos-medicion-avm\/","og_locale":"es_ES","og_type":"article","og_title":"Malet\u00edn para Equipos de Medici\u00f3n AVM | IDOSDE","og_description":"Nuestros maletines para almacenamiento y transporte de los equipos estan dise\u00f1ados no solo con ese fin, tambien facilitan la manipulacion de los equipos y accesorios permitiendo operar los equipos sin sacarlos del maletin y manteniendo los accesorios conectados lo cual agiliza la operacion en terreno.","og_url":"https:\/\/idosde.com\/inicio\/producto\/maletin-equipos-medicion-avm\/","og_site_name":"Idosde S.A.S.","article_modified_time":"2026-03-19T02:58:18+00:00","og_image":[{"width":750,"height":750,"url":"https:\/\/idosde.com\/inicio\/wp-content\/uploads\/2026\/03\/maletin-para-equipos-de-medicion.png","type":"image\/png"}],"twitter_card":"summary_large_image","twitter_misc":{"Tiempo de lectura":"1 minuto"},"schema":{"@context":"https:\/\/schema.org","@graph":[{"@type":"WebPage","@id":"https:\/\/idosde.com\/inicio\/producto\/maletin-equipos-medicion-avm\/","url":"https:\/\/idosde.com\/inicio\/producto\/maletin-equipos-medicion-avm\/","name":"Malet\u00edn para Equipos de Medici\u00f3n AVM | IDOSDE","isPartOf":{"@id":"https:\/\/idosde.com\/inicio\/#website"},"primaryImageOfPage":{"@id":"https:\/\/idosde.com\/inicio\/producto\/maletin-equipos-medicion-avm\/#primaryimage"},"image":{"@id":"https:\/\/idosde.com\/inicio\/producto\/maletin-equipos-medicion-avm\/#primaryimage"},"thumbnailUrl":"https:\/\/idosde.com\/inicio\/wp-content\/uploads\/2026\/03\/maletin-idosde.com_.png","datePublished":"2026-03-17T22:49:25+00:00","dateModified":"2026-03-19T02:58:18+00:00","breadcrumb":{"@id":"https:\/\/idosde.com\/inicio\/producto\/maletin-equipos-medicion-avm\/#breadcrumb"},"inLanguage":"es","potentialAction":[{"@type":"ReadAction","target":["https:\/\/idosde.com\/inicio\/producto\/maletin-equipos-medicion-avm\/"]}]},{"@type":"ImageObject","inLanguage":"es","@id":"https:\/\/idosde.com\/inicio\/producto\/maletin-equipos-medicion-avm\/#primaryimage","url":"https:\/\/idosde.com\/inicio\/wp-content\/uploads\/2026\/03\/maletin-idosde.com_.png","contentUrl":"https:\/\/idosde.com\/inicio\/wp-content\/uploads\/2026\/03\/maletin-idosde.com_.png","width":329,"height":192,"caption":"malet\u00edn para equipos de medici\u00f3n"},{"@type":"BreadcrumbList","@id":"https:\/\/idosde.com\/inicio\/producto\/maletin-equipos-medicion-avm\/#breadcrumb","itemListElement":[{"@type":"ListItem","position":1,"name":"Portada","item":"https:\/\/idosde.com\/inicio\/"},{"@type":"ListItem","position":2,"name":"Tienda","item":"https:\/\/idosde.com\/inicio\/tienda\/"},{"@type":"ListItem","position":3,"name":"MALET\u00cdN"}]},{"@type":"WebSite","@id":"https:\/\/idosde.com\/inicio\/#website","url":"https:\/\/idosde.com\/inicio\/","name":"Idosde S.A.S.","description":"Equipos patr\u00f3n para verificaci\u00f3n de medidores, Analizador verificador de medidores","publisher":{"@id":"https:\/\/idosde.com\/inicio\/#organization"},"alternateName":"Idosde","potentialAction":[{"@type":"SearchAction","target":{"@type":"EntryPoint","urlTemplate":"https:\/\/idosde.com\/inicio\/?s={search_term_string}"},"query-input":{"@type":"PropertyValueSpecification","valueRequired":true,"valueName":"search_term_string"}}],"inLanguage":"es"},{"@type":"Organization","@id":"https:\/\/idosde.com\/inicio\/#organization","name":"Idosde S.A.S.","alternateName":"Idosde","url":"https:\/\/idosde.com\/inicio\/","logo":{"@type":"ImageObject","inLanguage":"es","@id":"https:\/\/idosde.com\/inicio\/#\/schema\/logo\/image\/","url":"https:\/\/idosde.com\/inicio\/wp-content\/uploads\/2026\/03\/idosde.com-logo.png","contentUrl":"https:\/\/idosde.com\/inicio\/wp-content\/uploads\/2026\/03\/idosde.com-logo.png","width":1225,"height":671,"caption":"Idosde S.A.S."},"image":{"@id":"https:\/\/idosde.com\/inicio\/#\/schema\/logo\/image\/"}}]}},"_links":{"self":[{"href":"https:\/\/idosde.com\/inicio\/wp-json\/wp\/v2\/product\/169","targetHints":{"allow":["GET"]}}],"collection":[{"href":"https:\/\/idosde.com\/inicio\/wp-json\/wp\/v2\/product"}],"about":[{"href":"https:\/\/idosde.com\/inicio\/wp-json\/wp\/v2\/types\/product"}],"replies":[{"embeddable":true,"href":"https:\/\/idosde.com\/inicio\/wp-json\/wp\/v2\/comments?post=169"}],"wp:featuredmedia":[{"embeddable":true,"href":"https:\/\/idosde.com\/inicio\/wp-json\/wp\/v2\/media\/170"}],"wp:attachment":[{"href":"https:\/\/idosde.com\/inicio\/wp-json\/wp\/v2\/media?parent=169"}],"wp:term":[{"taxonomy":"product_brand","embeddable":true,"href":"https:\/\/idosde.com\/inicio\/wp-json\/wp\/v2\/product_brand?post=169"},{"taxonomy":"product_cat","embeddable":true,"href":"https:\/\/idosde.com\/inicio\/wp-json\/wp\/v2\/product_cat?post=169"},{"taxonomy":"product_tag","embeddable":true,"href":"https:\/\/idosde.com\/inicio\/wp-json\/wp\/v2\/product_tag?post=169"}],"curies":[{"name":"wp","href":"https:\/\/api.w.org\/{rel}","templated":true}]}}